{"id":2333,"date":"2025-08-12T12:02:49","date_gmt":"2025-08-12T10:02:49","guid":{"rendered":"http:\/\/k-stz.beebox.de\/cms\/die-praxis\/soziales-engagement\/cycling-against-cancer\/"},"modified":"2025-08-13T10:17:36","modified_gmt":"2025-08-13T08:17:36","slug":"kreisverkehrswacht-freiburg-muellheim","status":"publish","type":"page","link":"https:\/\/www.stz-fr.de\/cms\/die-praxis\/soziales-engagement\/kreisverkehrswacht-freiburg-muellheim\/","title":{"rendered":"K&#038;L + Kreisverkehrswacht"},"content":{"rendered":"<p>[et_pb_section fb_built=&#8220;1&#8243; _builder_version=&#8220;4.16&#8243; global_colors_info=&#8220;{}&#8220;][et_pb_row column_structure=&#8220;3_5,2_5&#8243; _builder_version=&#8220;4.27.0&#8243; background_size=&#8220;initial&#8220; background_position=&#8220;top_left&#8220; background_repeat=&#8220;repeat&#8220; global_colors_info=&#8220;{}&#8220;][et_pb_column type=&#8220;3_5&#8243; _builder_version=&#8220;4.16&#8243; custom_padding=&#8220;|||&#8220; global_colors_info=&#8220;{}&#8220; custom_padding__hover=&#8220;|||&#8220;][et_pb_text admin_label=&#8220;Headline Kreisverkehrswacht Freiburg-M\u00fcllheim e.V.&#8220; _builder_version=&#8220;4.27.4&#8243; global_colors_info=&#8220;{}&#8220;]<\/p>\n<h1>K&#038;L Verlag in Kooperation mit<br \/>\nKreisverkehrswacht Freiburg-M\u00fcllheim e.V.<\/h1>\n<p>[\/et_pb_text][et_pb_text admin_label=&#8220;Text Intro&#8220; _builder_version=&#8220;4.27.4&#8243; use_border_color=&#8220;off&#8220; global_colors_info=&#8220;{}&#8220;]<\/p>\n<h2>Mal- und Vorlesebuch zur Verkehrserziehung, Plakate und Speichenreflektoren helfen sicher durch den Stra\u00dfenverkehr<\/h2>\n<p>Wie verhalte ich mich richtig im Stra\u00dfenverkehr? Um Kindern ein sicheres Verhalten mit dem Roller und Fahrrad zu vermitteln, fu\u0308hrt die Kreisverkehrswacht regelm\u00e4\u00dfig Verkehrserziehung mit Kindergartenkinder und Grundschu\u0308lern durch. Zur Vertiefung hat der <strong>K&amp;L Verlag<\/strong> mit der <strong>Kreisverkehrswacht Freiburg-Mu\u0308llheim e.V.<\/strong> ein neues kindgerechtes Mal- und Vorlesebuch mit digitalen Inhalten und Lernerfolgskontrolle herausgegeben.<\/p>\n<p>Wir finden: Das ist eine gute Sache! Wir sind dabei!<\/p>\n<p>[\/et_pb_text][\/et_pb_column][et_pb_column type=&#8220;2_5&#8243; _builder_version=&#8220;4.16&#8243; custom_padding=&#8220;|||&#8220; global_colors_info=&#8220;{}&#8220; custom_padding__hover=&#8220;|||&#8220;][et_pb_image src=&#8220;https:\/\/www.stz-fr.de\/cms\/wp-content\/uploads\/2025\/08\/STZ-Social-KL-Verlag-Buch-App.jpg&#8220; alt=&#8220;Buch und App: K&#038;L-Verlag + Kreisverkehrswacht Freiburg-M\u00fcllheim&#8220; title_text=&#8220;Buch und App: K&#038;L-Verlag + Kreisverkehrswacht Freiburg-M\u00fcllheim&#8220; align=&#8220;center&#8220; disabled_on=&#8220;off|off|off&#8220; _builder_version=&#8220;4.27.4&#8243; _module_preset=&#8220;default&#8220; max_height=&#8220;400px&#8220; hover_enabled=&#8220;0&#8243; global_colors_info=&#8220;{}&#8220; description_text=&#8220;Buch und App: K&#038;L-Verlag + Kreisverkehrswacht Freiburg-M\u00fcllheim&#8220; sticky_enabled=&#8220;0&#8243;][\/et_pb_image][\/et_pb_column][\/et_pb_row][et_pb_row column_structure=&#8220;2_5,3_5&#8243; _builder_version=&#8220;4.27.4&#8243; background_size=&#8220;initial&#8220; background_position=&#8220;top_left&#8220; background_repeat=&#8220;repeat&#8220; global_colors_info=&#8220;{}&#8220;][et_pb_column type=&#8220;2_5&#8243; admin_label=&#8220;Spalte Bild&#8220; _builder_version=&#8220;4.27.4&#8243; custom_padding=&#8220;|||&#8220; global_colors_info=&#8220;{}&#8220; custom_padding__hover=&#8220;|||&#8220;][et_pb_image src=&#8220;https:\/\/www.stz-fr.de\/cms\/wp-content\/uploads\/2025\/08\/STZ-Social-KL-Verlag-Plakat-Reflektoren.jpg&#8220; alt=&#8220;Plakat und Reflektoren: K&#038;L-Verlag + Kreisverkehrswacht Freiburg-M\u00fcllheim&#8220; title_text=&#8220;Plakat und Reflektoren: K&#038;L-Verlag + Kreisverkehrswacht Freiburg-M\u00fcllheim&#8220; align=&#8220;center&#8220; disabled_on=&#8220;off|off|off&#8220; _builder_version=&#8220;4.27.4&#8243; _module_preset=&#8220;default&#8220; max_height=&#8220;400px&#8220; hover_enabled=&#8220;0&#8243; global_colors_info=&#8220;{}&#8220; description_text=&#8220;Plakat und Reflektoren: K&#038;L-Verlag + Kreisverkehrswacht Freiburg-M\u00fcllheim&#8220; sticky_enabled=&#8220;0&#8243;][\/et_pb_image][\/et_pb_column][et_pb_column type=&#8220;3_5&#8243; _builder_version=&#8220;4.16&#8243; custom_padding=&#8220;|||&#8220; global_colors_info=&#8220;{}&#8220; custom_padding__hover=&#8220;|||&#8220;][et_pb_text admin_label=&#8220;Text Unterst\u00fctzung&#8220; _builder_version=&#8220;4.27.4&#8243; use_border_color=&#8220;off&#8220; global_colors_info=&#8220;{}&#8220;]<\/p>\n<h2>Deshalb unterst\u00fctzen wir das Projekt<\/h2>\n<p>Das Buch vermittelt Kindern altersgerecht und spielerisch die Gefahren des Stra\u00dfenverkehrs und lehrt richtiges Verhalten. Sie lernen, dass Verkehrsschilder zu beachten sind, wann ein Fahrrad verkehrssicher ist oder warum es sinnvoll ist, beim Roller- und Radfahren einen Schutzhelm zu tragen. Auch das richtige Verhalten bei einem Verkehrsunfall wird ihnen vermittelt.<\/p>\n<p>Eine digitale Lernerfolgskontrolle zeigt den Kindern, ob sie die Aufgaben im Buch richtig gel\u00f6st haben. Die Plakate zum Aufh\u00e4ngen im Raum helfen bei der Vertiefung der Lerninhalte. Die Speichenreflektoren erh\u00f6hen die Sicherheit der Kinder im Stra\u00dfenverkehr. Deshalb erh\u00e4lt die Kreisverkehrswacht zus\u00e4tzlich Reflektoren fu\u0308r Kinder zur besseren Sichtbarkeit.<\/p>\n<p>Mithilfe der Unterstu\u0308tzung vieler \u00f6rtlicher Unternehmen k\u00f6nnen die Mal- und Vorlesebu\u0308cher, die Plakate und die Reflektoren kostenlos an die Kinder in Freiburg-Mu\u0308llheim ausgegeben werden. Ein Engagement, dem wir uns sehr gerne anschlie\u00dfen. <\/p>\n<p>[\/et_pb_text][et_pb_text admin_label=&#8220;Text Weitere Info &#8211; Link&#8220; _builder_version=&#8220;4.27.4&#8243; use_border_color=&#8220;off&#8220; global_colors_info=&#8220;{}&#8220;]<\/p>\n<p>M\u00f6chten Sie mehr u\u0308ber das Projekt erfahren? Hier finden Sie weitere Informationen: <a href=\"https:\/\/www.kl-verlag.de\">www.kl-verlag.de<\/a><\/p>\n<p>[\/et_pb_text][\/et_pb_column][\/et_pb_row][\/et_pb_section]<\/p>\n","protected":false},"excerpt":{"rendered":"<p>K&#038;L Verlag in Kooperation mit Kreisverkehrswacht Freiburg-M\u00fcllheim e.V.Mal- und Vorlesebuch zur Verkehrserziehung, Plakate und Speichenreflektoren helfen sicher durch den Stra\u00dfenverkehr Wie verhalte ich mich richtig im Stra\u00dfenverkehr? Um Kindern ein sicheres Verhalten mit dem Roller und Fahrrad zu vermitteln, fu\u0308hrt die Kreisverkehrswacht regelm\u00e4\u00dfig Verkehrserziehung mit Kindergartenkinder und Grundschu\u0308lern durch. Zur Vertiefung hat der K&amp;L Verlag [&hellip;]<\/p>\n","protected":false},"author":1,"featured_media":0,"parent":818,"menu_order":8,"comment_status":"closed","ping_status":"closed","template":"","meta":{"_et_pb_use_builder":"on","_et_pb_old_content":"","_et_gb_content_width":"","footnotes":""},"class_list":["post-2333","page","type-page","status-publish","hentry"],"_links":{"self":[{"href":"https:\/\/www.stz-fr.de\/cms\/wp-json\/wp\/v2\/pages\/2333","targetHints":{"allow":["GET"]}}],"collection":[{"href":"https:\/\/www.stz-fr.de\/cms\/wp-json\/wp\/v2\/pages"}],"about":[{"href":"https:\/\/www.stz-fr.de\/cms\/wp-json\/wp\/v2\/types\/page"}],"author":[{"embeddable":true,"href":"https:\/\/www.stz-fr.de\/cms\/wp-json\/wp\/v2\/users\/1"}],"replies":[{"embeddable":true,"href":"https:\/\/www.stz-fr.de\/cms\/wp-json\/wp\/v2\/comments?post=2333"}],"version-history":[{"count":0,"href":"https:\/\/www.stz-fr.de\/cms\/wp-json\/wp\/v2\/pages\/2333\/revisions"}],"up":[{"embeddable":true,"href":"https:\/\/www.stz-fr.de\/cms\/wp-json\/wp\/v2\/pages\/818"}],"wp:attachment":[{"href":"https:\/\/www.stz-fr.de\/cms\/wp-json\/wp\/v2\/media?parent=2333"}],"curies":[{"name":"wp","href":"https:\/\/api.w.org\/{rel}","templated":true}]}}

<p>[et_pb_section fb_built=&#8220;1&#8243; _builder_version=&#8220;4.16&#8243; global_colors_info=&#8220;{}&#8220;][et_pb_row column_structure=&#8220;3_5,2_5&#8243; _builder_version=&#8220;4.27.0&#8243; background_size=&#8220;initial&#8220; background_position=&#8220;top_left&#8220; background_repeat=&#8220;repeat&#8220; global_colors_info=&#8220;{}&#8220;][et_pb_column type=&#8220;3_5&#8243; _builder_version=&#8220;4.16&#8243; custom_padding=&#8220;|||&#8220; global_colors_info=&#8220;{}&#8220; custom_padding__hover=&#8220;|||&#8220;][et_pb_text admin_label=&#8220;Headline Kreisverkehrswacht Freiburg-Müllheim e.V.&#8220; _builder_version=&#8220;4.27.4&#8243; global_colors_info=&#8220;{}&#8220;]</p>
<h1>K&#038;L Verlag in Kooperation mit<br />
Kreisverkehrswacht Freiburg-Müllheim e.V.</h1>
<p>[/et_pb_text][et_pb_text admin_label=&#8220;Text Intro&#8220; _builder_version=&#8220;4.27.4&#8243; use_border_color=&#8220;off&#8220; global_colors_info=&#8220;{}&#8220;]</p>
<h2>Mal- und Vorlesebuch zur Verkehrserziehung, Plakate und Speichenreflektoren helfen sicher durch den Straßenverkehr</h2>
<p>Wie verhalte ich mich richtig im Straßenverkehr? Um Kindern ein sicheres Verhalten mit dem Roller und Fahrrad zu vermitteln, führt die Kreisverkehrswacht regelmäßig Verkehrserziehung mit Kindergartenkinder und Grundschülern durch. Zur Vertiefung hat der <strong>K&amp;L Verlag</strong> mit der <strong>Kreisverkehrswacht Freiburg-Müllheim e.V.</strong> ein neues kindgerechtes Mal- und Vorlesebuch mit digitalen Inhalten und Lernerfolgskontrolle herausgegeben.</p>
<p>Wir finden: Das ist eine gute Sache! Wir sind dabei!</p>
<p>[/et_pb_text][/et_pb_column][et_pb_column type=&#8220;2_5&#8243; _builder_version=&#8220;4.16&#8243; custom_padding=&#8220;|||&#8220; global_colors_info=&#8220;{}&#8220; custom_padding__hover=&#8220;|||&#8220;][et_pb_image src=&#8220;https://www.stz-fr.de/cms/wp-content/uploads/2025/08/STZ-Social-KL-Verlag-Buch-App.jpg&#8220; alt=&#8220;Buch und App: K&#038;L-Verlag + Kreisverkehrswacht Freiburg-Müllheim&#8220; title_text=&#8220;Buch und App: K&#038;L-Verlag + Kreisverkehrswacht Freiburg-Müllheim&#8220; align=&#8220;center&#8220; disabled_on=&#8220;off|off|off&#8220; _builder_version=&#8220;4.27.4&#8243; _module_preset=&#8220;default&#8220; max_height=&#8220;400px&#8220; hover_enabled=&#8220;0&#8243; global_colors_info=&#8220;{}&#8220; description_text=&#8220;Buch und App: K&#038;L-Verlag + Kreisverkehrswacht Freiburg-Müllheim&#8220; sticky_enabled=&#8220;0&#8243;][/et_pb_image][/et_pb_column][/et_pb_row][et_pb_row column_structure=&#8220;2_5,3_5&#8243; _builder_version=&#8220;4.27.4&#8243; background_size=&#8220;initial&#8220; background_position=&#8220;top_left&#8220; background_repeat=&#8220;repeat&#8220; global_colors_info=&#8220;{}&#8220;][et_pb_column type=&#8220;2_5&#8243; admin_label=&#8220;Spalte Bild&#8220; _builder_version=&#8220;4.27.4&#8243; custom_padding=&#8220;|||&#8220; global_colors_info=&#8220;{}&#8220; custom_padding__hover=&#8220;|||&#8220;][et_pb_image src=&#8220;https://www.stz-fr.de/cms/wp-content/uploads/2025/08/STZ-Social-KL-Verlag-Plakat-Reflektoren.jpg&#8220; alt=&#8220;Plakat und Reflektoren: K&#038;L-Verlag + Kreisverkehrswacht Freiburg-Müllheim&#8220; title_text=&#8220;Plakat und Reflektoren: K&#038;L-Verlag + Kreisverkehrswacht Freiburg-Müllheim&#8220; align=&#8220;center&#8220; disabled_on=&#8220;off|off|off&#8220; _builder_version=&#8220;4.27.4&#8243; _module_preset=&#8220;default&#8220; max_height=&#8220;400px&#8220; hover_enabled=&#8220;0&#8243; global_colors_info=&#8220;{}&#8220; description_text=&#8220;Plakat und Reflektoren: K&#038;L-Verlag + Kreisverkehrswacht Freiburg-Müllheim&#8220; sticky_enabled=&#8220;0&#8243;][/et_pb_image][/et_pb_column][et_pb_column type=&#8220;3_5&#8243; _builder_version=&#8220;4.16&#8243; custom_padding=&#8220;|||&#8220; global_colors_info=&#8220;{}&#8220; custom_padding__hover=&#8220;|||&#8220;][et_pb_text admin_label=&#8220;Text Unterstützung&#8220; _builder_version=&#8220;4.27.4&#8243; use_border_color=&#8220;off&#8220; global_colors_info=&#8220;{}&#8220;]</p>
<h2>Deshalb unterstützen wir das Projekt</h2>
<p>Das Buch vermittelt Kindern altersgerecht und spielerisch die Gefahren des Straßenverkehrs und lehrt richtiges Verhalten. Sie lernen, dass Verkehrsschilder zu beachten sind, wann ein Fahrrad verkehrssicher ist oder warum es sinnvoll ist, beim Roller- und Radfahren einen Schutzhelm zu tragen. Auch das richtige Verhalten bei einem Verkehrsunfall wird ihnen vermittelt.</p>
<p>Eine digitale Lernerfolgskontrolle zeigt den Kindern, ob sie die Aufgaben im Buch richtig gelöst haben. Die Plakate zum Aufhängen im Raum helfen bei der Vertiefung der Lerninhalte. Die Speichenreflektoren erhöhen die Sicherheit der Kinder im Straßenverkehr. Deshalb erhält die Kreisverkehrswacht zusätzlich Reflektoren für Kinder zur besseren Sichtbarkeit.</p>
<p>Mithilfe der Unterstützung vieler örtlicher Unternehmen können die Mal- und Vorlesebücher, die Plakate und die Reflektoren kostenlos an die Kinder in Freiburg-Müllheim ausgegeben werden. Ein Engagement, dem wir uns sehr gerne anschließen. </p>
<p>[/et_pb_text][et_pb_text admin_label=&#8220;Text Weitere Info &#8211; Link&#8220; _builder_version=&#8220;4.27.4&#8243; use_border_color=&#8220;off&#8220; global_colors_info=&#8220;{}&#8220;]</p>
<p>Möchten Sie mehr über das Projekt erfahren? Hier finden Sie weitere Informationen: <a href="https://www.kl-verlag.de">www.kl-verlag.de</a></p>
<p>[/et_pb_text][/et_pb_column][/et_pb_row][/et_pb_section]</p>

<p>K&#038;L Verlag in Kooperation mit Kreisverkehrswacht Freiburg-Müllheim e.V.Mal- und Vorlesebuch zur Verkehrserziehung, Plakate und Speichenreflektoren helfen sicher durch den Straßenverkehr Wie verhalte ich mich richtig im Straßenverkehr? Um Kindern ein sicheres Verhalten mit dem Roller und Fahrrad zu vermitteln, führt die Kreisverkehrswacht regelmäßig Verkehrserziehung mit Kindergartenkinder und Grundschülern durch. Zur Vertiefung hat der K&amp;L Verlag [&hellip;]</p>
