{"id":827,"date":"2016-05-30T10:08:03","date_gmt":"2016-05-30T08:08:03","guid":{"rendered":"http:\/\/k-stz.beebox.de\/cms\/infothek\/faq-frage-und-antwort\/"},"modified":"2020-02-07T10:20:58","modified_gmt":"2020-02-07T09:20:58","slug":"faq-frage-und-antwort","status":"publish","type":"page","link":"https:\/\/www.stz-fr.de\/cms\/infothek\/faq-frage-und-antwort\/","title":{"rendered":"FAQ &#8211; Frage und Antwort"},"content":{"rendered":"<p>[et_pb_section fb_built=&#8220;1&#8243; fullwidth=&#8220;on&#8220; _builder_version=&#8220;3.22&#8243;][et_pb_fullwidth_slider module_id=&#8220;bbxTopmotiv400&#8243; _builder_version=&#8220;3.16&#8243; background_position=&#8220;top_left&#8220; custom_padding=&#8220;|||&#8220; button_text_size__hover_enabled=&#8220;off&#8220; button_one_text_size__hover_enabled=&#8220;off&#8220; button_two_text_size__hover_enabled=&#8220;off&#8220; button_text_color__hover_enabled=&#8220;off&#8220; button_one_text_color__hover_enabled=&#8220;off&#8220; button_two_text_color__hover_enabled=&#8220;off&#8220; button_border_width__hover_enabled=&#8220;off&#8220; button_one_border_width__hover_enabled=&#8220;off&#8220; button_two_border_width__hover_enabled=&#8220;off&#8220; button_border_color__hover_enabled=&#8220;off&#8220; button_one_border_color__hover_enabled=&#8220;off&#8220; button_two_border_color__hover_enabled=&#8220;off&#8220; button_border_radius__hover_enabled=&#8220;off&#8220; button_one_border_radius__hover_enabled=&#8220;off&#8220; button_two_border_radius__hover_enabled=&#8220;off&#8220; button_letter_spacing__hover_enabled=&#8220;off&#8220; button_one_letter_spacing__hover_enabled=&#8220;off&#8220; button_two_letter_spacing__hover_enabled=&#8220;off&#8220; button_bg_color__hover_enabled=&#8220;off&#8220; button_one_bg_color__hover_enabled=&#8220;off&#8220; button_two_bg_color__hover_enabled=&#8220;off&#8220;][et_pb_slide use_bg_overlay=&#8220;off&#8220; use_text_overlay=&#8220;off&#8220; _builder_version=&#8220;3.16&#8243; header_font=&#8220;||||&#8220; body_font=&#8220;||||&#8220; background_color=&#8220;#ffffff&#8220; background_image=&#8220;https:\/\/www.stz-fr.de\/cms\/wp-content\/uploads\/2018\/03\/Top-Motiv-FAQ-1920&#215;640.jpg&#8220; button_on_hover=&#8220;on&#8220; button_text_size__hover_enabled=&#8220;off&#8220; button_one_text_size__hover_enabled=&#8220;off&#8220; button_two_text_size__hover_enabled=&#8220;off&#8220; button_text_color__hover_enabled=&#8220;off&#8220; button_one_text_color__hover_enabled=&#8220;off&#8220; button_two_text_color__hover_enabled=&#8220;off&#8220; button_border_width__hover_enabled=&#8220;off&#8220; button_one_border_width__hover_enabled=&#8220;off&#8220; button_two_border_width__hover_enabled=&#8220;off&#8220; button_border_color__hover_enabled=&#8220;off&#8220; button_one_border_color__hover_enabled=&#8220;off&#8220; button_two_border_color__hover_enabled=&#8220;off&#8220; button_border_radius__hover_enabled=&#8220;off&#8220; button_one_border_radius__hover_enabled=&#8220;off&#8220; button_two_border_radius__hover_enabled=&#8220;off&#8220; button_letter_spacing__hover_enabled=&#8220;off&#8220; button_one_letter_spacing__hover_enabled=&#8220;off&#8220; button_two_letter_spacing__hover_enabled=&#8220;off&#8220; button_bg_color__hover_enabled=&#8220;off&#8220; button_one_bg_color__hover_enabled=&#8220;off&#8220; button_two_bg_color__hover_enabled=&#8220;off&#8220;][\/et_pb_slide][\/et_pb_fullwidth_slider][\/et_pb_section][et_pb_section fb_built=&#8220;1&#8243; custom_padding_last_edited=&#8220;on|desktop&#8220; _builder_version=&#8220;3.22&#8243; background_color=&#8220;#ffffff&#8220; custom_padding=&#8220;|2px|0px|||&#8220; custom_padding_tablet=&#8220;50px|0|50px|0&#8243; custom_padding_phone=&#8220;&#8220; transparent_background=&#8220;off&#8220; padding_mobile=&#8220;off&#8220; make_fullwidth=&#8220;off&#8220; use_custom_width=&#8220;off&#8220; width_unit=&#8220;on&#8220;][et_pb_row _builder_version=&#8220;3.25&#8243; background_size=&#8220;initial&#8220; background_position=&#8220;top_left&#8220; background_repeat=&#8220;repeat&#8220;][et_pb_column type=&#8220;4_4&#8243; _builder_version=&#8220;3.25&#8243; custom_padding=&#8220;|||&#8220; custom_padding__hover=&#8220;|||&#8220;][et_pb_text admin_label=&#8220;Text Einstieg&#8220; _builder_version=&#8220;3.27.4&#8243;]<\/p>\n<h1>Ihre Fragen sind uns wichtig<\/h1>\n<p>\n Nachfolgend finden Sie eine Zusammenstellung h\u00e4ufig gestellter Fragen und der dazugeh\u00f6rigen Antworten. Sollte die gew\u00fcnschte Information nicht dabei sein oder Sie haben Anregungen unseren Service zu verbessern, dann schreiben Sie uns gerne eine Mail: <a href=\"mailto:info@stz.de\">info@stz.de<\/a> oder rufen Sie uns einfach an 0761\/15 18 64-00. Unser Team hilft Ihnen gerne weiter.<\/p>\n<p>[\/et_pb_text][\/et_pb_column][\/et_pb_row][et_pb_row column_structure=&#8220;1_2,1_2&#8243; _builder_version=&#8220;3.25&#8243; background_size=&#8220;initial&#8220; background_position=&#8220;top_left&#8220; background_repeat=&#8220;repeat&#8220;][et_pb_column type=&#8220;1_2&#8243; _builder_version=&#8220;3.25&#8243; custom_padding=&#8220;|||&#8220; custom_padding__hover=&#8220;|||&#8220;][et_pb_toggle title=&#8220;Welche Unterlagen und Vorbereitungen werden f\u00fcr die strahlentherapeutische Behandlung ben\u00f6tigt?&#8220; closed_toggle_text_color=&#8220;#50a000&#8243; icon_color=&#8220;#50a000&#8243; admin_label=&#8220;FAQ Vorbereitung Termine&#8220; _builder_version=&#8220;4.2.2&#8243; title_text_color=&#8220;#50a000&#8243; background_size=&#8220;initial&#8220; background_position=&#8220;top_left&#8220; background_repeat=&#8220;repeat&#8220; hover_enabled=&#8220;0&#8243; border_radii=&#8220;|10px|10px|0px|0px&#8220; border_color_all=&#8220;#50a000&#8243; use_border_color=&#8220;on&#8220;]<\/p>\n<p><strong>Vorbereitung zum Vorstellungsgespr\u00e4ch:<\/strong> Bitte bringen Sie zum Ersttermin in unserem Zentrum Ihre Laborergebnisse, die aktuellen Befunde, radiologische Aufnahmen (R\u00f6ntgen, MRT, CT), sowie Arztbriefe mit. Bei gesetzlich Krankenversicherten ben\u00f6tigen wir au\u00dferdem Ihre Versicherungskarte sowie die \u00e4rztliche \u00dcberweisung.<\/p>\n<p><strong>Vorbereitung f\u00fcr das Planungs-CT:<\/strong> Das Bestrahlungsplanungs-CT erfolgt im BTZ, Bildgebungszentrum, Wirthstr. 9, 79110 Freiburg. Bitte bringen Sie f\u00fcr diesen Termin ein gro\u00dfes Duschhandtuch mit. Ob f\u00fcr die Untersuchung weitere Vorbereitungen notwendig sind, erfahren Sie im Vorstellungsgespr\u00e4ch.<\/p>\n<p><strong>Vorbereitung f\u00fcr die Bestrahlungsserie:<\/strong> Die eigentliche Strahlentherapie erfolgt in unserem Zentrum in der Wirthstra\u00dfe 11c, 79110 Freiburg. Bitte bringen Sie zu jedem Bestrahlungstermin ein gro\u00dfes Duschhandtuch mit. Ob f\u00fcr die Betrahlungstermine weitere Vorbereitungen notwendig sind, erfahren Sie im Vorstellungsgespr\u00e4ch.<\/p>\n<p>Sollten Sie einen Termin nicht wahrnehmen k\u00f6nnen, rufen Sie uns bitte unter <strong>(0761) 15 18 64-00<\/strong> an.<\/p>\n<p>[\/et_pb_toggle][et_pb_toggle title=&#8220;Sind f\u00fcr das Planungs-CT spezielle Vorbereitungen notwendig?&#8220; closed_toggle_text_color=&#8220;#50a000&#8243; icon_color=&#8220;#50a000&#8243; admin_label=&#8220;FAQ Vorbereitung Planungs-CT&#8220; _builder_version=&#8220;4.2.2&#8243; title_text_color=&#8220;#50a000&#8243; background_size=&#8220;initial&#8220; background_position=&#8220;top_left&#8220; background_repeat=&#8220;repeat&#8220; hover_enabled=&#8220;0&#8243; border_radii=&#8220;|10px|10px|0px|0px&#8220; border_color_all=&#8220;#50a000&#8243; use_border_color=&#8220;on&#8220;]<\/p>\n<p>Sie erfahren bereits im Vorstellungsgespr\u00e4ch von uns, ob Sie eine spezielle Vorbereitung f\u00fcr das Planungs-CT ben\u00f6tigen.<\/p>\n<p>Das Bestrahlungsplanungs-CT erfolgt in unserem Bildgebungszentrum:<br \/> BTZ GmbH, Wirthstr. 9, 79110 Freiburg.<\/p>\n<p>Bitte bringen Sie f\u00fcr diesen Termin ein gro\u00dfes Duschhandtuch mit. Nicht f\u00fcr jedes Planungs-CT ist eine Vorbereitung notwendig. Je nach Diagnose kann es jedoch vorkommen, dass folgende Voraussetzungen erf\u00fcllt sein sollten:<\/p>\n<ul>\n<li>Untersuchung mit gef\u00fcllter Blase.<\/li>\n<li>Untersuchung mit entleertem Darm.<\/li>\n<li>Zu bestrahlender Bereich der Haut frei von Haaren bzw. rasiert.<\/li>\n<\/ul>\n<p>[\/et_pb_toggle][et_pb_toggle title=&#8220;Ist es m\u00f6glich, meine Bestrahlungsserie f\u00fcr wichtige Termine zu unterbrechen?&#8220; closed_toggle_text_color=&#8220;#50a000&#8243; icon_color=&#8220;#50a000&#8243; admin_label=&#8220;FAQ Unterbrechung Bestrahlungsserie&#8220; _builder_version=&#8220;3.0.106&#8243; title_text_color=&#8220;#50a000&#8243; background_size=&#8220;initial&#8220; background_position=&#8220;top_left&#8220; background_repeat=&#8220;repeat&#8220; border_radii=&#8220;|10px|10px|0px|0px&#8220; border_color_all=&#8220;#50a000&#8243; use_border_color=&#8220;on&#8220;]<\/p>\n<p>Um zu verhindern, dass Tumorzellen sich erholen und wieder zu wachsen beginnen, sollte Ihre Strahlentherapie m\u00f6glichst nicht unterbrochen werden. Sie sollten auf jeden Fall vorher kurz mit uns sprechen, wenn f\u00fcr Sie wichtige Termine anstehen. In seltenen F\u00e4llen kann eine Unterbrechung notwendig werden, um ausgepr\u00e4gte Nebenwirkungen abklingen zu lassen.<\/p>\n<p>[\/et_pb_toggle][et_pb_toggle title=&#8220;Wer stellt w\u00e4hrend der Strahlenbehandlung eine Krankschreibung aus?&#8220; closed_toggle_text_color=&#8220;#50a000&#8243; icon_color=&#8220;#50a000&#8243; admin_label=&#8220;FAQ Krankschreibung&#8220; _builder_version=&#8220;3.0.106&#8243; title_text_color=&#8220;#50a000&#8243; background_size=&#8220;initial&#8220; background_position=&#8220;top_left&#8220; background_repeat=&#8220;repeat&#8220; border_radii=&#8220;|10px|10px|0px|0px&#8220; border_color_all=&#8220;#50a000&#8243; use_border_color=&#8220;on&#8220;]<\/p>\n<p>Sollten Sie w\u00e4hrend Ihrer Behandlung arbeitsunf\u00e4hig sein, erfolgt die Krankschreibung entweder durch Ihren Haus- oder Facharzt oder ab Beginn der Bestrahlung auch durch unsere \u00c4rzte. Sollten Sie eine Krankschreibung ben\u00f6tigen, bitten wir Sie, dies kurz an unserer Anmeldung mitzuteilen.<\/p>\n<p>[\/et_pb_toggle][\/et_pb_column][et_pb_column type=&#8220;1_2&#8243; _builder_version=&#8220;3.25&#8243; custom_padding=&#8220;|||&#8220; custom_padding__hover=&#8220;|||&#8220;][et_pb_toggle title=&#8220;Welche Auswirkung hat die Bestrahlung im K\u00f6rper?&#8220; closed_toggle_text_color=&#8220;#50a000&#8243; icon_color=&#8220;#50a000&#8243; admin_label=&#8220;FAQ Auswirkung im K\u00f6rper&#8220; _builder_version=&#8220;3.0.106&#8243; title_text_color=&#8220;#50a000&#8243; background_size=&#8220;initial&#8220; background_position=&#8220;top_left&#8220; background_repeat=&#8220;repeat&#8220; border_radii=&#8220;|10px|10px|0px|0px&#8220; border_color_all=&#8220;#50a000&#8243; use_border_color=&#8220;on&#8220;]<\/p>\n<p>Wie der gesamte menschliche K\u00f6rper bestehen auch Tumore aus Zellen, deren Wachstum \u00fcber die Zellteilung geregelt wird.<\/p>\n<p>Eine der Hauptwirkungen der Strahlen ist die St\u00f6rung bzw. Verhinderung der Zellteilung. Strahlung stellt damit eine \u201eWachstumsbremse\u201c f\u00fcr lebendes Gewebe dar, indem die Strahlung unter anderem die Erbsubstanz im Zellkern angreift \u2013 die Zelle verliert ihre Teilungsf\u00e4higkeit und stirbt in der Folge.<\/p>\n<p>Jede Zelle verf\u00fcgt jedoch auch \u00fcber ein Reparatursystem, um solche Sch\u00e4den zu beheben. Die F\u00e4higkeit zur Reparatur ist in gesunden, normalen Zellen allerdings wesentlich ausgepr\u00e4gter als in Tumorzellen, so dass die Strahlung den Tumor weit st\u00e4rker sch\u00e4digt als das gesunde Gewebe. Diesen Unterschied im Reparaturverm\u00f6gen macht sich die Strahlentherapie zunutze. Die Reparaturvorg\u00e4nge im mitbestrahlten umgebenden Gewebe brauchen jedoch etwas Zeit, weshalb die gesamte Strahlendosis in mehrere Einzelsitzungen (Fraktionen) aufgeteilt wird.<\/p>\n<p>Die Erfahrung zeigt, dass in vielen F\u00e4llen die t\u00e4gliche Bestrahlung die besten Ergebnisse bringt. Nach erfolgreicher Bestrahlung sterben Tumorzellen ab und werden von k\u00f6rpereigenen Zellen zerlegt und abtransportiert.<\/p>\n<p>[\/et_pb_toggle][et_pb_toggle title=&#8220;Gibt es bei einer Krebserkrankung neben der Operation auch andere M\u00f6glichkeiten zur Behandlung?&#8220; closed_toggle_text_color=&#8220;#50a000&#8243; icon_color=&#8220;#50a000&#8243; admin_label=&#8220;FAQ Operation &#038; Strahlentherapie&#8220; _builder_version=&#8220;3.0.106&#8243; title_text_color=&#8220;#50a000&#8243; background_size=&#8220;initial&#8220; background_position=&#8220;top_left&#8220; background_repeat=&#8220;repeat&#8220; border_radii=&#8220;|10px|10px|0px|0px&#8220; border_color_all=&#8220;#50a000&#8243; use_border_color=&#8220;on&#8220;]<\/p>\n<p>F\u00fcr viele Krebserkrankungen ist &#8211; neben der Operation &#8211; eine Strahlentherapie eine effektive Behandlungsma\u00dfnahme. Manchmal erfolgt zur optimalen Behandlung eine Kombination mit einer Operation, einer Chemo- oder Immuntherapie oder einer Hyperthermie. In vielen F\u00e4llen jedoch sind die Ergebnisse der Strahlentherapie gleich gut wie, oder sogar besser als die alleinige Operation.<\/p>\n<p>Ob Ihre Erkrankung f\u00fcr eine alleinige oder kombinierte Strahlentherapie infrage kommt h\u00e4ngt von vielen Faktoren ab. In jedem Fall k\u00f6nnen Sie sich an uns f\u00fcr eine Zweitmeinung wenden, um eine aktuelle Einsch\u00e4tzung Ihrer Erkrankungssituation und eine Therapieempfehlung zu erhalten.<\/p>\n<p>[\/et_pb_toggle][et_pb_toggle title=&#8220;Ich wurde wegen Brustkrebs operiert. Ist zus\u00e4tzlich zur Operation eine Bestrahlung notwendig?&#8220; closed_toggle_text_color=&#8220;#50a000&#8243; icon_color=&#8220;#50a000&#8243; admin_label=&#8220;FAQ Brustkrebs&#8220; _builder_version=&#8220;3.0.106&#8243; title_text_color=&#8220;#50a000&#8243; background_size=&#8220;initial&#8220; background_position=&#8220;top_left&#8220; background_repeat=&#8220;repeat&#8220; border_radii=&#8220;|10px|10px|0px|0px&#8220; border_color_all=&#8220;#50a000&#8243; use_border_color=&#8220;on&#8220;]<\/p>\n<p>F\u00fcr eine h\u00f6chstm\u00f6gliche Heilungschance ist die strahlentherapeutische Behandlung bei den meisten Patientinnen unverzichtbarer Bestandteil der Therapie. Ob eine zus\u00e4tzliche Medikamententherapie bzw. Chemotherapie notwendig ist, h\u00e4ngt von vielen individuellen Faktoren ab.<\/p>\n<p>[\/et_pb_toggle][et_pb_toggle title=&#8220;Fallen durch eine Strahlentherapie die Haare aus?&#8220; closed_toggle_text_color=&#8220;#50a000&#8243; icon_color=&#8220;#50a000&#8243; admin_label=&#8220;FAQ Haarausfall&#8220; _builder_version=&#8220;3.0.106&#8243; title_text_color=&#8220;#50a000&#8243; background_size=&#8220;initial&#8220; background_position=&#8220;top_left&#8220; background_repeat=&#8220;repeat&#8220; border_radii=&#8220;|10px|10px|0px|0px&#8220; border_color_all=&#8220;#50a000&#8243; use_border_color=&#8220;on&#8220;]<\/p>\n<p>Das Kopfhaar f\u00e4llt nur aus, wenn Sie am Kopf bestrahlt werden, dabei ist in der Regel der Haarausfall nur vor\u00fcbergehend. Bei der Bestrahlung anderer K\u00f6rperregionen ist kein Haarausfall am Kopf zu bef\u00fcrchten. Meist wird der Haarausfall durch eine chemotherapeutische Behandlung verursacht. Gerne unterst\u00fctzen wir Sie, wenn Sie f\u00fcr die Zeit Ihrer Behandlung eine Per\u00fccke ben\u00f6tigen.<\/p>\n<p>[\/et_pb_toggle][et_pb_toggle title=&#8220;Wie soll ich w\u00e4hrend der Bestrahlungsserie meine Haut pflegen?&#8220; closed_toggle_text_color=&#8220;#50a000&#8243; icon_color=&#8220;#50a000&#8243; admin_label=&#8220;FAQ Hautpflege&#8220; _builder_version=&#8220;3.0.106&#8243; title_text_color=&#8220;#50a000&#8243; background_size=&#8220;initial&#8220; background_position=&#8220;top_left&#8220; background_repeat=&#8220;repeat&#8220; border_radii=&#8220;|10px|10px|0px|0px&#8220; border_color_all=&#8220;#50a000&#8243; use_border_color=&#8220;on&#8220;]<\/p>\n<p>In unserer Praxis haben wir einen spezielle Abteilung, in der Sie zum Thema Hautpflege beraten werden. In unserer Pflegeambulanz erfahren Sie auch, welche weiteren begleitenden Ma\u00dfnahmen sinnvoll sind.<\/p>\n<p>[\/et_pb_toggle][et_pb_toggle title=&#8220;Darf ich w\u00e4hrend der Bestrahlungsserie Sport treiben, ins Schwimmbad oder in die Sauna gehen?&#8220; closed_toggle_text_color=&#8220;#50a000&#8243; icon_color=&#8220;#50a000&#8243; admin_label=&#8220;FAQ Sport Schwimmen Sauna&#8220; _builder_version=&#8220;3.0.106&#8243; title_text_color=&#8220;#50a000&#8243; background_size=&#8220;initial&#8220; background_position=&#8220;top_left&#8220; background_repeat=&#8220;repeat&#8220; border_radii=&#8220;|10px|10px|0px|0px&#8220; border_color_all=&#8220;#50a000&#8243; use_border_color=&#8220;on&#8220;]<\/p>\n<p>In der Regel wird Ihr Alltag durch die Strahlentherapie nicht eingeschr\u00e4nkt. Sport in Ma\u00dfen kann sogar sinnvoll und wohltuend sein. Allerdings sollten Sie Schwimmen und Saunieren w\u00e4hrend der Zeit der Strahlentherapie und auch in der ersten Zeit danach vermeiden. Sprechen Sie uns bitte darauf an, welche sportlichen Bet\u00e4tigungen in Ihrem Fall m\u00f6glich sind.<\/p>\n<p>[\/et_pb_toggle][\/et_pb_column][\/et_pb_row][\/et_pb_section]<\/p>\n","protected":false},"excerpt":{"rendered":"<p>Ihre Fragen sind uns wichtig Nachfolgend finden Sie eine Zusammenstellung h\u00e4ufig gestellter Fragen und der dazugeh\u00f6rigen Antworten. Sollte die gew\u00fcnschte Information nicht dabei sein oder Sie haben Anregungen unseren Service zu verbessern, dann schreiben Sie uns gerne eine Mail: info@stz.de oder rufen Sie uns einfach an 0761\/15 18 64-00. Unser Team hilft Ihnen gerne weiter. [&hellip;]<\/p>\n","protected":false},"author":1,"featured_media":0,"parent":50,"menu_order":9,"comment_status":"closed","ping_status":"closed","template":"","meta":{"_et_pb_use_builder":"on","_et_pb_old_content":"","_et_gb_content_width":"","footnotes":""},"class_list":["post-827","page","type-page","status-publish","hentry"],"_links":{"self":[{"href":"https:\/\/www.stz-fr.de\/cms\/wp-json\/wp\/v2\/pages\/827","targetHints":{"allow":["GET"]}}],"collection":[{"href":"https:\/\/www.stz-fr.de\/cms\/wp-json\/wp\/v2\/pages"}],"about":[{"href":"https:\/\/www.stz-fr.de\/cms\/wp-json\/wp\/v2\/types\/page"}],"author":[{"embeddable":true,"href":"https:\/\/www.stz-fr.de\/cms\/wp-json\/wp\/v2\/users\/1"}],"replies":[{"embeddable":true,"href":"https:\/\/www.stz-fr.de\/cms\/wp-json\/wp\/v2\/comments?post=827"}],"version-history":[{"count":0,"href":"https:\/\/www.stz-fr.de\/cms\/wp-json\/wp\/v2\/pages\/827\/revisions"}],"up":[{"embeddable":true,"href":"https:\/\/www.stz-fr.de\/cms\/wp-json\/wp\/v2\/pages\/50"}],"wp:attachment":[{"href":"https:\/\/www.stz-fr.de\/cms\/wp-json\/wp\/v2\/media?parent=827"}],"curies":[{"name":"wp","href":"https:\/\/api.w.org\/{rel}","templated":true}]}}